	
	
	
	
	
	
	

{"id":34,"date":"2025-01-23T20:14:42","date_gmt":"2025-01-23T20:14:42","guid":{"rendered":"https:\/\/mozzo.cl\/template-a\/product\/te-verde-o-te-de-jazmin\/"},"modified":"2025-01-23T18:41:54","modified_gmt":"2025-01-23T21:41:54","slug":"te-verde-o-te-de-jazmin","status":"publish","type":"product","link":"https:\/\/mozzo.cl\/template-a\/product\/te-verde-o-te-de-jazmin\/","title":{"rendered":"T\u00e9 Verde o T\u00e9 de Jazm\u00edn"},"content":{"rendered":"<p>T\u00e9 tradicional chino caliente o fr\u00edo, seg\u00fan tu elecci\u00f3n.<\/p>\n","protected":false},"excerpt":{"rendered":"<p>T\u00e9 verde o jazm\u00edn, caliente o fr\u00edo.<\/p>\n","protected":false},"featured_media":61,"comment_status":"open","ping_status":"closed","template":"","meta":[],"product_brand":[],"product_cat":[53],"product_tag":[52],"class_list":{"0":"post-34","1":"product","2":"type-product","3":"status-publish","4":"has-post-thumbnail","6":"product_cat-bebidas","7":"product_tag-bebidas","9":"first","10":"instock","11":"shipping-taxable","12":"purchasable","13":"product-type-simple"},"_links":{"self":[{"href":"https:\/\/mozzo.cl\/template-a\/wp-json\/wp\/v2\/product\/34","targetHints":{"allow":["GET"]}}],"collection":[{"href":"https:\/\/mozzo.cl\/template-a\/wp-json\/wp\/v2\/product"}],"about":[{"href":"https:\/\/mozzo.cl\/template-a\/wp-json\/wp\/v2\/types\/product"}],"replies":[{"embeddable":true,"href":"https:\/\/mozzo.cl\/template-a\/wp-json\/wp\/v2\/comments?post=34"}],"wp:featuredmedia":[{"embeddable":true,"href":"https:\/\/mozzo.cl\/template-a\/wp-json\/wp\/v2\/media\/61"}],"wp:attachment":[{"href":"https:\/\/mozzo.cl\/template-a\/wp-json\/wp\/v2\/media?parent=34"}],"wp:term":[{"taxonomy":"product_brand","embeddable":true,"href":"https:\/\/mozzo.cl\/template-a\/wp-json\/wp\/v2\/product_brand?post=34"},{"taxonomy":"product_cat","embeddable":true,"href":"https:\/\/mozzo.cl\/template-a\/wp-json\/wp\/v2\/product_cat?post=34"},{"taxonomy":"product_tag","embeddable":true,"href":"https:\/\/mozzo.cl\/template-a\/wp-json\/wp\/v2\/product_tag?post=34"}],"curies":[{"name":"wp","href":"https:\/\/api.w.org\/{rel}","templated":true}]}}