	
	
	
	
	
	
	

{"id":37,"date":"2025-01-27T21:42:14","date_gmt":"2025-01-27T21:42:14","guid":{"rendered":"https:\/\/mozzo.cl\/template-b\/product\/ensalada-cesar\/"},"modified":"2025-01-28T16:49:06","modified_gmt":"2025-01-28T19:49:06","slug":"ensalada-cesar","status":"publish","type":"product","link":"https:\/\/mozzo.cl\/template-b\/product\/ensalada-cesar\/","title":{"rendered":"Ensalada C\u00e9sar"},"content":{"rendered":"<p>Ensalada C\u00e9sar fresca con pollo a la parrilla, croutones y aderezo C\u00e9sar.<\/p>\n","protected":false},"excerpt":{"rendered":"<p>Ensalada C\u00e9sar con pollo.<\/p>\n","protected":false},"featured_media":60,"comment_status":"open","ping_status":"closed","template":"","meta":[],"product_brand":[],"product_cat":[42],"product_tag":[],"class_list":{"0":"post-37","1":"product","2":"type-product","3":"status-publish","4":"has-post-thumbnail","6":"product_cat-acompanamientos","8":"first","9":"instock","10":"shipping-taxable","11":"purchasable","12":"product-type-simple"},"_links":{"self":[{"href":"https:\/\/mozzo.cl\/template-b\/wp-json\/wp\/v2\/product\/37","targetHints":{"allow":["GET"]}}],"collection":[{"href":"https:\/\/mozzo.cl\/template-b\/wp-json\/wp\/v2\/product"}],"about":[{"href":"https:\/\/mozzo.cl\/template-b\/wp-json\/wp\/v2\/types\/product"}],"replies":[{"embeddable":true,"href":"https:\/\/mozzo.cl\/template-b\/wp-json\/wp\/v2\/comments?post=37"}],"wp:featuredmedia":[{"embeddable":true,"href":"https:\/\/mozzo.cl\/template-b\/wp-json\/wp\/v2\/media\/60"}],"wp:attachment":[{"href":"https:\/\/mozzo.cl\/template-b\/wp-json\/wp\/v2\/media?parent=37"}],"wp:term":[{"taxonomy":"product_brand","embeddable":true,"href":"https:\/\/mozzo.cl\/template-b\/wp-json\/wp\/v2\/product_brand?post=37"},{"taxonomy":"product_cat","embeddable":true,"href":"https:\/\/mozzo.cl\/template-b\/wp-json\/wp\/v2\/product_cat?post=37"},{"taxonomy":"product_tag","embeddable":true,"href":"https:\/\/mozzo.cl\/template-b\/wp-json\/wp\/v2\/product_tag?post=37"}],"curies":[{"name":"wp","href":"https:\/\/api.w.org\/{rel}","templated":true}]}}